of 466?
4
What is the units digit of 4193?
3
What is the thousands digit of 27349?
7
What is the tens digit of 64?
6
What is the tens digit of 907?
0
What is the tens digit of 5309?
0
What is the ten thousands digit of 54389?
5
What is the thousands digit of 94734?
4
What is the hundreds digit of 78575?
5
What is the units digit of 2119?
9
What is the thousands digit of 7779?
7
What is the hundreds digit of 4504?
5
What is the hundreds digit of 3538?
5
What is the tens digit of 33645?
4
What is the tens digit of 2832?
3
What is the thousands digit of 62029?
2
What is the units digit of 41950?
0
What is the units digit of 9480?
0
What is the units digit of 33450?
0
What is the hundreds digit of 8844?
8
What is the units digit of 6574?
4
What is the units digit of 1012?
2
What is the tens digit of 3265?
6
What is the units digit of 168219?
9
What is the hundreds digit of 15074?
0
What is the tens digit of 93153?
5
What is the ten thousands digit of 19490?
1
What is the units digit of 733?
3
What is the thousands digit of 24939?
4
What is the units digit of 33221?
1
What is the tens digit of 719?
1
What is the hundreds digit of 113263?
2
What is the units digit of 3081?
1
What is the thousands digit of 77320?
7
What is the units digit of 3430?
0
What is the units digit of 108792?
2
What is the tens digit of 118554?
5
What is the ten thousands digit of 45961?
4
What is the tens digit of 9224?
2
What is the thousands digit of 1148?
1
What is the tens digit of 56708?
0
What is the hundreds digit of 1734?
7
What is the tens digit of 1207?
0
What is the tens digit of 5894?
9
What is the units digit of 488?
8
What is the thousands digit of 9587?
9
What is the tens digit of 19419?
1
What is the units digit of 6934?
4
What is the thousands digit of 15440?
5
What is the tens digit of 30?
3
What is the hundreds digit of 1190?
1
What is the tens digit of 34197?
9
What is the units digit of 79713?
3
What is the hundreds digit of 5717?
7
What is the hundreds digit of 7577?
5
What is the tens digit of 118382?
8
What is the thousands digit of 85098?
5
What is the hundreds digit of 877?
8
What is the hundreds digit of 60017?
0
What is the tens digit of 61490?
9
What is the hundreds digit of 871?
8
What is the hundreds digit of 54647?
6
What is the thousands digit of 6883?
6
What is the units digit of 113795?
5
What is the hundreds digit of 1170?
1
What is the ten thousands digit of 14584?
1
What is the tens digit of 4689?
8
What is the hundreds digit of 591?
5
What is the hundreds digit of 6094?
0
What is the units digit of 1917?
7
What is the hundreds digit of 57303?
3
What is the tens digit of 82?
8
What is the thousands digit of 50629?
0
What is the units digit of 251?
1
What is the thousands digit of 1521?
1
What is the units digit of 493?
3
What is the tens digit of 157814?
1
What is the units digit of 470?
0
What is the thousands digit of 2906?
2
What is the hundreds digit of 8215?
2
What is the units digit of 13131?
1
What is the tens digit of 396?
9
What is the ten thousands digit of 15188?
1
What is the thousands digit of 7777?
7
What is the hundreds digit of 9670?
6
What is the tens digit of 942?
4
What is the units digit of 3842?
2
What is the units digit of 9727?
7
What is the ten thousands digit of 46249?
4
What is the tens digit of 3070?
7
What is the tens digit of 22176?
7
What is the thousands digit of 4153?
4
What is the units digit of 3657?
7
What is the units digit of 531?
1
What is the thousands digit of 1432?
1
What is the hundreds digit of 91739?
7
What is the tens digit of 122198?
9
What is the hundreds digit of 10467?
4
What is the thousands digit of 60289?
0
What is the thousands digit of 10847?
0
What is the hundreds digit of 2350?
3
What is the tens digit of 1271?
7
What is the tens digit of 17203?
0
What is the tens digit of 128422?
2
What is the hundreds digit of 28831?
8
What is the hundreds digit of 22538?
5
What is the tens digit of 17016?
1
What is the hundreds digit of 8377?
3
What is the units digit of 1159?
9
What is the thousands digit of 1461?
1
What is the hundreds digit of 2636?
6
What is the units digit of 1158?
8
What is the units digit of 9686?
6
What is the tens digit of 790?
9
What is the units digit of 86663?
3
What is the units digit of 478?
8
What is the tens digit of 38443?
4
What is the tens digit of 5890?
9
What is the tens digit of 55?
5
What is the thousands digit of 57973?
7
What is the tens digit of 905?
0
What is the units digit of 830?
0
What is the units digit of 25598?
8
What is the units digit of 1407?
7
What is the thousands digit of 1199?
1
What is the tens digit of 6316?
1
What is the hundreds digit of 372?
3
What is the tens digit of 2513?
1
What is the tens digit of 2180?
8
What is the units digit of 78047?
7
What is the thousands digit of 14156?
4
What is the hundreds digit of 25780?
7
What is the units digit of 3026?
6
What is the hundreds digit of 10746?
7
What is the thousands digit of 69109?
9
What is the ten thousands digit of 10288?
1
What is the tens digit of 69126?
2
What is the ten thousands digit of 25276?
2
What is the tens digit of 996?
9
What is the thousands digit of 2850?
2
What is the thousands digit of 59956?
9
What is the tens digit of 9009?
0
What is the tens digit of 31625?
2
What is the tens digit of 6735?
3
What is the thousands digit of 2442?
2
What is the hundreds digit of 662?
6
What is the tens digit of 27884?
8
What is the units digit of 7751?
1
What is the units digit of 3902?
2
What is the hundreds digit of 1101?
1
What is the units digit of 967?
7
What is the hundreds digit of 729?
7
What is the units digit of 857?
7
What is the units digit of 12076?
6
What is the tens digit of 1235?
3
What is the tens digit of 28358?
5
What is the units digit of 61?
1
What is the units digit of 77976?
6
What is the hundreds digit of 537?
5
What is the units digit of 13608?
8
What is the thousands digit of 16507?
6
What is the hundreds digit of 815?
8
What is the tens digit of 7278?
7
What is the units digit of 929?
9
What is the hundreds digit of 108651?
6
What is the hundreds digit of 37305?
3
What is the units digit of 7768?
8
What is the tens digit of 1357?
5
What is the tens digit of 250?
5
What is the units digit of 2441?
1
What is the ten thousands digit of 49965?
4
What is the hundreds digit of 801?
8
What is the units digit of 685?
5
What is the hundreds digit of 619?
6
What is the hundreds digit of 3860?
8
What is the tens digit of 4307?
0
What is the ten thousands digit of 10416?
1
What is the hundreds digit of 2725?
7
What is the tens digit of 1563?
6
What is the hundreds digit of 48862?
8
What is the hundreds digit of 897?
8
What is the hundreds digit of 742?
7
What is the tens digit of 2897?
9
What is the units digit of 3408?
8
What is the thousands digit of 94220?
4
What is the ten thousands digit of 10569?
1
What is the hundreds digit of 81122?
1
What is the tens digit of 871?
7
What is the units digit of 368?
8
What is the hundreds digit of 4165?
1
What is the tens digit of 9436?
3
What is the hundreds digit of 7033?
0
What is the thousands digit of 3499?
3
What is the tens digit of 3269?
6
What is the hundreds digit of 8256?
2
What is the thousands digit of 93416?
3
What is the thousands digit of 24721?
4
What is the units digit of 2118?
8
What is the tens digit of 25758?
5
What is the hundreds digit of 10061?
0
What is the thousands digit of 1186?
1
What is the thousands digit of 70657?
0
What is the hundreds digit of 5220?
2
What is the hundreds digit of 15222?
2
What is the tens digit of 54495?
9
What is the hundreds digit of 9002?
0
What is the units digit of 1896?
6
What is the thousands digit of 43017?
3
What is the hundreds digit of 1684?
6
What is the hundreds digit of 4794?
7
What is the hundreds digit of 487?
4
What is the units digit of 4658?
8
What is the tens digit of 2852?
5
What is the ten thousands digit of 19552?
1
What is the units digit of 1288?
8
What is the hundreds digit of 1872?
8
What is the ten thousands digit of 80428?
8
What is the tens digit of 62506?
0
What is the ten thousands digit of 22019?
2
What is the thousands digit of 13205?
3
What is the hundreds digit of 2117?
1
What is the tens digit of 15585?
8
What is the tens digit of 1